 325. Is i composite?
True
Suppose 8 = -2*w + 3*c, -w + 0 - 6 = -2*c. Suppose 0 = -3*a + 40 + 29. Suppose 3*z - w*z = a. Is z composite?
False
Suppose c - 3*c + 3598 = 0. Is c a prime number?
False
Suppose 12*d - 447 = 11*d. Is d composite?
True
Suppose 3*k - 2035 = -4*f, -4*f + 2005 = -k - 2*k. Is f composite?
True
Let s(d) = -3*d + 3. Let i be s(-5). Suppose -4*y = -22 - i. Is (-2)/y - (-744)/20 a composite number?
False
Let k(w) = -w**2 - 6*w + 5. Let m be k(-4). Let h be (0 + 5)*(-26)/5. Let p = m - h. Is p a composite number?
True
Let m = -404 + 857. Is m prime?
False
Let r(z) = z**3 + 7*z**2 - 4*z + 7. Let g(y) = -2*y - 2. Let s be g(2). Is r(s) a prime number?
True
Let h(p) = 11*p**2 + 2*p - 1. Let k be h(1). Is (-4)/((-2)/(-1)) + k a prime number?
False
Let g(n) = -5*n**2 - 4. Let z be g(-3). Let b = -10 - z. Let u = b + -28. Is u composite?
False
Let b be (-1096)/6*(-6)/(-4). Let m = b + 459. Is m prime?
False
Suppose 2*y + 116 = 44. Let u = 195 + y. Is u a composite number?
True
Let z(s) = -s**2 - 10*s - 12. Let m be z(-9). Is (-1264)/(-24)*m/(-2) prime?
True
Suppose 0*c = -c + 355. Is c composite?
True
Suppose 273 = -5*v + 878. Is v a composite number?
True
Let j be (-6 - -4)*(-2)/(-4). Is (-5)/((-3)/(j - -160)) prime?
False
Suppose 5*w - r = 232, w = -7*r + 3*r + 59. Let l = 50 + 16. Let a = l - w. Is a prime?
True
Let w = -8 + 25. Let o(g) = 14*g**3 + 21*g**2 - 11*g - 17. Let k(j) = -5*j**3 - 7*j**2 + 4*j + 6. Let r(m) = w*k(m) + 6*o(m). Is r(7) a composite number?
True
Let y(o) = -4 + 4 - 119*o. Is y(-1) a prime number?
False
Let c(l) = l + 1. Let h(x) = x - 2. Let j(p) = 5*c(p) - h(p). Is j(7) a prime number?
False
Suppose -x - 50 - 11 = 2*b, -b - 2*x = 38. Let y = -50 - b. Is (y/(-4))/(8/48) prime?
False
Suppose -4*n - 126 = -6*n. Let o = n + -28. Is o a composite number?
True
Suppose 7 - 2 = -v. Let k(g) = 0 - 7*g + 7 - 11*g. Is k(v) prime?
True
Let h(q) = q + 11. Let x be h(-6). Let j be ((-8)/10)/(2/x). Is -3 + 14 + -2 + j prime?
True
Let o = -2608 - -5697. Is o a composite number?
False
Let h(q) = -3 + q**2 - 2*q**2 + 5*q + 0*q**2. Let p be h(4). Is 110/2 + (p - 1) a prime number?
False
Let l be -11 - -9 - 1*-2. Suppose l = -7*t + 6574 - 1821. Is t composite?
True
Suppose 0 = 2*w + 3*w + 900. Let y = -121 - w. Is y composite?
False
Suppose 255 = 2*f + 4*w - 219, -f = -4*w - 231. Let u = f - 86. Is u prime?
True
Let q(x) = 7*x + 10. Let s be q(-7). Let i = 74 + s. Is i prime?
False
Let h(x) = -2*x**3 - 4*x**2 - 8*x - 5. Let q(o) = -o**2 + o + 1. Let c be q(-2). Is h(c) composite?
True
Let y = -233 - -466. Is y prime?
True
Let o be (-124)/(-20) + (-2)/10. Let s(i) = i**3 - 6*i**2 + 6*i - 3. Is s(o) a composite number?
True
Let v(m) = -2*m - 6. Let z be v(-3). Suppose -2*a + 143 = -0*a - 3*l, 5*a - l - 390 = z. Is a composite?
False
Let m(r) = r**2 - r. Let t be m(0). Let q be (t - -12)*6/9. Is (-4)/1*(-186)/q a prime number?
False
Suppose -515 = -5*a - 0*a. Is a a prime number?
True
Let t = 4053 - 1894. Is t composite?
True
Let n = 860 + -89. Is n composite?
True
Suppose 4*j + 4*w + 16 = 0, -2*j - 3*w = -2*w + 6. Let l(s) = s**3 + s**2 - 2*s. Let t be l(j). Suppose t*h = 4*h - 76. Is h composite?
False
Suppose -r + 2*z + 14 = 2*r, 2*r - 16 = 3*z. Suppose y + r*y = 66. Is y composite?
True
Let o(y) = 18*y + 2. Let n(x) = -x. Let d(g) = 4*n(g) - o(g). Let i be d(-4). Suppose 0 = 5*z + 4*t - 0*t - 435, i = z + t. Is z a composite number?
True
Let n(f) = -f**2 + 6*f - 4. Let t be n(4). Let m(y) = 4*y**2 - 5. Is m(t) composite?
False
Let v(z) = 22*z + 10. Let s(u) = -22*u - 11. Let a(g) = 5*s(g) + 6*v(g). Let k be a(4). Suppose -q + k = -326. Is q prime?
True
Let w be 10*(-1 + 9/3). Suppose -328 = -4*l - w. Is l composite?
True
Let s(t) = t**2 + 4*t - 7. Let u be s(-5). Is ((-41)/u)/((-1)/(-4)) a composite number?
True
Let i(z) = z**3 - 7*z**2 + 0*z - 3*z + 5*z + 3 + 2*z. Let u be i(4). Let r = u - -43. Is r a composite number?
True
Suppose -b = 3*m + 4, -4 = -3*m - m + b. Suppose k + 4*k - 15 = m. Suppose -k*z = z - 524. Is z a prime number?
True
Let s(z) = z + 48. Let u be s(0). Let k = -25 + u. Is k a prime number?
True
Let z = -789 + 1136. Is z a composite number?
False
Let f(m) = -m**3 + 6*m**2 + 7*m + 2. Let d be f(7). Suppose 2*n + d*n - 28 = 0. Suppose -2*x = -n*x + 165. Is x a prime number?
False
Let g = 396 - 7. Let r = -178 + g. Is r prime?
True
Let r(v) = 2*v**2 + 2*v - 6. Suppose -2*u - 6 = -4*a - 7*u, -2*u = -a + 8. Let k be r(a). Suppose -5*m + 149 - k = 0. Is m a composite number?
False
Let s = 328 - 192. Suppose 0 = -5*h + s + 4. Suppose h = -0*d + 2*d. Is d composite?
True
Suppose 0*p + 3*p = -4*b + 1357, -3*b - 3*p + 1017 = 0. Suppose -b - 78 = -2*z. Is z a composite number?
True
Let n(r) = 15*r**3 + r**2 + 2*r - 1. Let w be n(2). Let s(k) = 8*k - 2. Let m be s(5). Let z = w - m. Is z a prime number?
True
Let n = -2 - -2. Suppose 4*j - 2*u - 348 = n, -5*u - 81 = -j - 3*u. Is j a prime number?
True
Suppose -2*y + 3*d + 236 = 0, -y = -2*y + d + 117. Is y composite?
True
Suppose -5*g = -5*h + 9 + 21, -h = -5*g - 10. Let x(v) = 4*v - 1. Is x(h) prime?
True
Is 140 + 3 + (-1 - -1) a composite number?
True
Suppose 2*y = 2*r - 10, -r - 3*r = -3*y - 18. Is y/((-3)/((-1218)/(-4))) a composite number?
True
Suppose 192 = 3*h - 933. Suppose 262 = -3*i + 5*i - 4*c, 3*c - h = -3*i. Is i a composite number?
False
Suppose -382 = 6*y - 7*y. Is y a prime number?
False
Suppose 0 = 7*u - 2*u + 90. Let k = 37 + u. Let w = 56 - k. Is w prime?
True
Let o(w) = 5*w**2 + w + 1. Let l be o(-3). Let b = -21 + l. Is b composite?
True
Let i(o) = o + 134. Let b be i(0). Let a = b + -67. Is a prime?
True
Let t be (-3)/6*(-2 - -2). Is 2 + 112 + (t - -1) a prime number?
False
Let d(j) = 10*j. Let b be d(1). Suppose 4 = -2*r + b. Suppose -r*w + 46 = -161. Is w prime?
False
Let n(x) = 88*x**2 + 5*x + 5. Is n(-2) a composite number?
False
Let d(h) = -18*h + 1. Is d(-9) composite?
False
Let t = 339 + -228. Is t composite?
True
Let m(r) = 3*r**2 + 14*r - 5. Is m(-12) a prime number?
False
Let x = -4197 - -8308. Is x composite?
False
Let z(u) = 67*u**2 + 12*u - 5. Is z(-6) composite?
True
Let g = -2943 - -4181. Is g a prime number?
False
Let y = 525 + -290. Let x = -4 + 8. Suppose x = 4*d, -2*d + y - 48 = 5*j. Is j prime?
True
Suppose 13 = -2*n + 5. Let t be (3/6)/((-1)/n). Suppose -t*m + m = -205. Is m a prime number?
False
Let h = -333 - -4976. Is h a composite number?
False
Is 4/(-6) + (-3)/(18/(-1126)) a prime number?
False
Suppose b - 2*b + 5*x = 0, 3*b - 2*x = 0. Suppose -5*o - 54 = -6*c + 2*c, 3*o - 3*c + 33 = b. Let p = 49 + o. Is p a prime number?
False
Suppose 4*g = 20, -3*g - 2*g + 35 = 5*f. Suppose p + 46 = f*p. Is p a prime number?
False
Is 1/(1/198) - -5 prime?
False
Let p = -2 + 4. Suppose -30 = p*w + w. Let g = w - -32. Is g a composite number?
True
Let l = -7 + 7. Suppose -3*j = -l*j - k - 227, 81 = j + k. Suppose 5*i - j = 98. Is i composite?
True
Let t(v) be the first derivative of -26*v**2 + v - 3. Is t(-4) prime?
False
Let i(q) = -117*q + 24. Is i(-25) a prime number?
False
Let w(n) = -n**2 - 24*n + 11. Let d(r) = -r**3 + 10*r**2 + 10*r - 1. Let i be d(11). Is w(i) a prime number?
False
Let o(r) = -6*r - 5. Is o(-12) a prime number?
True
Suppose -2*c = -2*q + 526, 0 = 3*q - 2*c + 240 - 1030. Let o = 409 - q. Is o composite?
True
Let r(v) be the third derivative of v**2 + 1/30*v**5 + 0 + 0*v + 0*v**4 - 1/2*v**3. Is r(5) a prime number?
True
Suppose 0 = 5*f - 3*q - 1053, 3*q + 0 = -3. Let c = 4 - 4. Suppose -4*w + 2*l = -f, w + c*l = -2*l + 45. Is w a composite number?
True
Let x be -3*(4/(-3) + 0). Suppose -2*y + 4*n - 5*n = -110, -x*n + 175 = 3*y. Is y a composite number?
False
Let n = 60 - 26. Let a = n + -16. Is (-4)/a + (-562)/(-18) composite?
False
Let k = -1546 - -2615. Is k a composite number?
False
Let f = -3 - -4. Let l = f - 1. Is l/1 - 3*-5 a prime number?
False
Let a = 106 + -350. Let y = -81 - a. Is y a prime number?
True
Let n(o) = 4*o - 41. Is n(18) prime?
True
Suppose -5*b - 5*y + 5 = 0, -5 = -b + 2*b - 5*y. Suppose 4*c - c - 4 = 2*w, 4*c - 10 = -2*w. Is b + c + 1 - 1 a prime number?
True
Let b = 959 + -466. Is b prime?
False
Let i = 135 + -32. Is i composite?
False
Suppose 0 = l - n, 6*n - 2 = 2*l + 3*n. Let u 